*w + 34. Suppose 0 = -3*b + 4*g + 39, -2*b - g - 12 = -a*b. Suppose 4*k + 10 = b*k. Let v(s) = 2*s**2 + 2*s. Give v(k).
12
Suppose -7*t + 108 = -10*t. Let i be (t/42)/(2/(-7)). Let r(q) = -6*q**i - 2*q**3 - 20*q**2 + 19*q**2 - q - 1 - 5*q**3. Give r(-1).
12
Let c(k) be the third derivative of -7/6*k**3 - 32*k - k**2 + 1/12*k**4 + 0. Determine c(7).
7
Let t = 39 + -30. Let l be (-1)/2*(3 - 9) + t. Let h be (-2*4)/(l/12). Let f(a) = -a - 10. Give f(h).
-2
Let h(f) = -f**2 - 5*f - 1. Let a = -15 + 19. Let w be 18/12*a*3/(-18). Let v be (-8 - (-9)/3) + w. Determine h(v).
-7
Suppose -81 = -z - 79. Let n(i) = 5*i**2 - 12*i - 19. Let k(y) = y**2 - 2*y - 4. Let a(r) = z*n(r) - 11*k(r). Determine a(-5).
-9
Let p(h) = 5*h + 8*h - 9 + 0*h + 11*h - 27*h. Give p(-13).
30
Let n(i) = -15*i**2 + i + 2. Let f be n(-3). Let k = f - -138. Let c(a) = -2*a**3 + a**2 + a + 2. What is c(k)?
-8
Let p(t) = t**3 - t**2 - 30. Let l(b) = -b**3 + 7*b**2 - 7*b + 5. Let m be l(5). Suppose -5*n = 9*y - 11*y - 8, -2*n + 5*y = -m. Calculate p(n).
-30
Let s be ((-19)/(-1064)*24)/((-3)/(-14)). Let n(y) = -6*y**2 + 3*y - 6. What is n(s)?
-24
Let k(l) = 6*l + 25. Let t(s) = -26*s - 112. Let m(x) = -9*k(x) - 2*t(x). Give m(-1).
1
Suppose 176*u = 178*u - 16. Suppose -84 = -u*b - 20*b. Let p(s) = s**2 - 4. Give p(b).
5
Let q(t) = 196*t + 1745. Let l be q(-9). Let r(b) = -b**3 - 17*b**2 + 40*b + 41. Give r(l).
3
Let m(g) = -g**3 + 5*g - 16. Let o(z) = z**2 - 1. Let p(c) = -m(c) + 6*o(c). Let i(t) = -5*t**2 + 2*t. Let v be i(-1). Calculate p(v).
-4
Let y(o) = 5*o**2 - 9*o - 6. Let f(v) = 2*v**2 - 3*v - 2. Let g(s) = -8*f(s) + 3*y(s). Let c be 0 + 1 - (-60)/((-108)/9). Calculate g(c).
-6
Let g = -13 - -6. Let o(m) be the second derivative of 4/3*m**3 + 0 + 1/2*m**2 + 1/12*m**4 + 88*m. What is o(g)?
-6
Let j(q) = 2*q**2 + 13*q - 40. Let t(m) = 2*m**2 + 10*m - 41. Let g(c) = 3*j(c) - 2*t(c). What is g(-11)?
-5
Suppose 3*b = -860 + 854. Let p(g) = -g**2 + 7*g + 14. Calculate p(b).
-4
Let x(g) be the second derivative of -g**5/20 - 11*g**4/12 + 4*g**3/3 - 57*g**2/2 + 1738*g. Determine x(-12).
-9
Suppose -2*u = -5*p + 4 + 21, -5*p + 3*u = -30. Suppose p*q - 98 = -92. Let r(f) = f - 1. Give r(q).
1
Let f(u) be the third derivative of -u**6/120 + u**4/8 + u**3/3 + u**2. Suppose -b - 4 = 2*y - 6, -y - 13 = -3*b. Calculate f(y).
0
Let z(x) be the first derivative of x**2/2 + 28*x - 645. What is z(-9)?
19
Let d(n) = 26*n. Let q(r) be the second derivative of -3*r**3/2 - 203*r**2 + 145*r. Let k be q(-45). Give d(k).
-26
Let b(v) = -v**2 + v - 3. Let f(a) = 5*a - 24. Let c(x) = 14*x - 71. Let q(i) = -6*c(i) + 17*f(i). Let o be q(-9). Let w be (o/(-4))/(-9)*0. Determine b(w).
-3
Let b = 216 - 221. Let m be ((-376)/(-235))/((-2)/b). Let z(u) be the second derivative of u**3/6 - 5*u**2/2 + u. Give z(m).
-1
Let o be 0*((-4)/20 - (-18)/15). Let v(i) = -i**3 + i**2 + 3*i - 31. What is v(o)?
-31
Let s(u) be the third derivative of -u**6/30 + u**4/4 - u**3/3 - 9*u**2. Let j(x) = 3*x**3 + 2*x**2 - 6*x + 1. Let f(z) = 3*j(z) + 2*s(z). What is f(-7)?
-8
Let v(x) be the first derivative of -3*x**2/2 + 9*x + 19458. Let l = 1 + 1. Suppose -t + l = -4. What is v(t)?
-9
Let q(g) = -g**2 - 2*g + 4. Let w = 126 - 130. What is q(w)?
-4
Let q(a) = -a**3 - 2*a**2. Let v be (-5)/45*27/(-3). Let s(x) = -2*x**3 - 14*x**2 - 8*x - 13. Let p(j) = v*s(j) - 3*q(j). Determine p(9).
-4
Let l(h) = -h + 3. Let u(q) = -q + 2. Let r(v) = 3*l(v) - 4*u(v). Suppose 5*i = -26*i. Determine r(i).
1
Let l(p) = -p**2 - 5. Let w(n) = -8*n - 138. Let m be w(-18). Suppose 2*y + m = 0, 10*y + 28 = -5*b + 9*y. What is l(b)?
-30
Suppose -x = -13*s - 73, 3*s = 4*x + 2 - 0. Let d(a) = -a**3 - 6*a**2 + 3*a + 18. Calculate d(s).
0
Let n(o) be the third derivative of -11*o**4/24 + o**3 + 26*o**2 + 53*o + 2. Suppose -7*c = -2*c - 20. Give n(c).
-38
Suppose -20*o = -17*o - 2*x - 25, x + 18 = 2*o. Let q(v) = -o - 32*v**2 + 135*v**2 - 33*v**2 + 19*v - 38*v**2 - 31*v**2. Give q(-19).
-11
Suppose -17*c + 58 - 7 = 0. Let b(i) = 0*i**3 + 2*i**c - 95*i**2 - 3 + i + 2*i + 96*i**2. What is b(2)?
23
Suppose -6*y + 15*y = 63. Suppose h - y = 2*v, 3*v + 1 = 2*v. Suppose 0 = -3*g - 4*d - 17, -d - 2*d + 9 = -h*g. Let f(j) = 2*j**3 + 2*j**2 - 3*j + 3. Give f(g).
-24
Let u(v) = -v - 19. Let l = 2287 + -2296. Determine u(l).
-10
Let o(d) = -17*d - 20. Let v(c) = -c + 1. Let u(p) = 36*p + 34. Let f(g) = u(g) + 3*v(g). Let j(q) = -6*f(q) - 11*o(q). Give j(2).
-24
Let c(k) = 9*k**3 - 13*k**2 - 11*k - 46. Let s(g) = 5*g**3 - 6*g**2 - 6*g - 25. Let a(d) = -6*c(d) + 11*s(d). Let z be (-25)/2 + 2/4. Calculate a(z).
1
Suppose 2*g - 21 = 5*g. Let r = g - -3. Let s(n) = -2*n + 3. Let z(j) = 3*j - 3. Let t(b) = 4*s(b) + 4*z(b). Calculate t(r).
-16
Let v(c) be the first derivative of -c**4/4 + 10*c**3/3 + 11*c**2/2 - 22*c - 389. Calculate v(10).
88
Let c(b) be the first derivative of b**4/4 - 8*b**3 - 27*b**2/2 + 52*b + 114. Let d be c(25). Let k(l) = l**2 - l - 2. Calculate k(d).
0
Let j(o) be the second derivative of -2*o + 3/2*o**2 + 1 - 4/3*o**3 + 1/2*o**4 + 1/20*o**5. Determine j(-7).
10
Let j(x) = -x + 2 + 0 + 0 + 5. Let s be 0 - 1560/(-34) - (-12)/102. Let b = s + -46. Give j(b).
7
Let y = 0 + -9. Let z(u) = -3*u**2 + 15*u - 89. Let p(b) = -b**2 + 2*b - 19. Let d(f) = -4*p(f) + z(f). Determine d(y).
5
Suppose 0 = 189*c - 38 + 983. Let l(v) = -15*v - 89. Give l(c).
-14
Let x(i) be the third derivative of i**9/60480 + i**8/10080 - i**7/1680 - i**6/240 + 9*i**5/20 + 132*i**2. Let j(c) be the third derivative of x(c). Give j(-2).
3
Let x(c) = c + 3. Let t(l) = 3*l + 51. Let g be t(-16). Suppose 4*d - 5*a + 22 = 0, g*d - 7*d - a - 10 = 0. Let h be (-4)/(-10) + d*2/15. What is x(h)?
3
Let q(b) = 9*b**2 + b + 1. Let n(w) = 9 + 5*w - 3*w + 18. Let s be (28/(-2))/(3 + -6 - -4). Let h be n(s). Give q(h).
9
Let f(z) = -7*z - 60. Let c be f(-9). Suppose 7 = c*q + 13. Let s(n) = n**2 + 2*n + 1. Determine s(q).
1
Let c be 2/(-18)*2 - 9340/90. Let u = c - -105. Let i(z) = z**3 + z**2. Let g(q) = 8*q**3 + 1. Let a(o) = g(o) - 2*i(o). Determine a(u).
5
Let c(v) = -27*v + 240. Let m be c(9). Let q(y) = -16*y - 50. Give q(m).
-2
Let f(v) be the second derivative of 7*v**3/6 - v**2 + v - 3. Give f(2).
12
Let l(s) = -4*s - 7. Let n(y) = 5*y + 8. Let x(i) = 6*l(i) + 5*n(i). Let w = 199 + -204. Give x(w).
-7
Let f(s) = -5 - 5*s - 5*s**2 + 14 + 7. Let u(y) = 6*y**2 + 6*y - 16. Let c(q) = 7*f(q) + 6*u(q). Let p = -112 + 112. Calculate c(p).
16
Let y(w) = 131912*w - 2 - 65902*w + 4 - 65940*w. What is y(1)?
72
Let c(i) = i**2 + 2*i. Let s = -287 - -290. What is c(s)?
15
Let n(d) = -15*d - 22. Let x(b) = -629*b - 935. Let s(f) = -170*n(f) + 4*x(f). What is s(-1)?
-34
Let l(u) = 11*u + 9. Suppose 5*h = -3*f + 211 - 23, 4*h - 5*f = 143. Suppose h + 1 = -19*k. Give l(k).
-13
Let x(t) = -t - 17. Suppose v = 195 + 17. Suppose 6*w - 256 = v. Let i be w/(-9) + (1 - 4/3). Determine x(i).
-8
Let f(l) be the third derivative of 0 + 24*l**2 + 1/60*l**5 + 2/3*l**3 - 13/24*l**4 + 0*l. Give f(12).
-8
Let b(x) be the first derivative of x**3/3 - 7*x**2/2 + 3*x + 2. Suppose -183 + 180 = -k, 14 = 5*n - 2*k. Give b(n).
-9
Let q(n) = 3 + 4*n + 0*n - n. Let p(o) = -631 - 640 + 3*o + 1271 - 2*o. Let d(f) = 4*p(f) - q(f). Give d(6).
3
Let n(l) = -54507 - l**2 + 27249 - 8*l + 27245. Give n(-5).
2
Let a(d) = -732 + d - 584 + 3*d**2 + 1320. Let o = 0 - -3. Determine a(o).
34
Let n(i) = i**2 - 105*i + 0*i**2 + 2*i**2 + 108*i + i**2 - 1. What is n(-2)?
9
Let c be (-4)/6 + 17/((-102)/32). Let v(a) = 5*a**2 - 11*a - 4. Let y(m) = 4*m**2 - 10*m - 4. Let o(b) = c*y(b) + 5*v(b). What is o(-4)?
0
Let b be 87248/164 + 0/(-2) + -2. Let f = b - 529. Let z(j) = 5*j**3 + j**2 - j + 1. Determine z(f).
6
Suppose 0 = 5*b - 3*d - 322, -3*b + 75 = 4*d - 95. Let v = 64 - b. Let t(k) = -6*k + 9*k - 2*k**3 + k**3 - 2. What is t(v)?
-4
Let p(s) = 2*s - 3. Let d be p(-3). Let f be 40/(-6) + 3/d. Let t(q) be the first derivative of q**2/2 + 6*q + 2410. Give t(f).
-1
Let m = 179799 + -179794. Let d(k) = 1. Let s(r) = 4*r + 7. Let v(p) = -5*d(p) + s(p). Determine v(m).
22
Let r(z) = 9*z**3 - 4*z**2 - 2*z + 1. Suppose -5*p = -15, 0 = -2*f - p + 14 - 13. Give r(f).
-10
Suppose -7*k + 3*k + 16 = 0, 2*y = 5*k - 12. Let n = 6 + -4. Let u(i) = 4 - 13 - 